 l is divided by 60?
0
Suppose 54 = 2*n + 3*c - 135, 3*c - 15 = 0. Calculate the remainder when 143 is divided by n.
56
Suppose 2446 = 59*a - 3969 + 1813. What is the remainder when 371 is divided by a?
59
Suppose -86 - 22 = 2*u. Let t = -49 - u. Suppose -2*b - 11 = -m, m = -t*b + 2 - 5. What is the remainder when 31 is divided by m?
3
Let q = 13 + 12. Suppose -4*u + 1448 = 3*g, -714 = -2*u - 0*g + g. Let j = u - 342. What is the remainder when q is divided by j?
8
What is the remainder when (-99584)/(-176) + -19 - (6/11)/(-3) is divided by 112?
99
Calculate the remainder when 1323 is divided by 5*(255/25 - 12) - -663.
15
Suppose -2*z + 3193 = 3*x, 23*x = 2*z + 22*x - 3165. What is the remainder when z is divided by 8?
2
Let f = -26 - -26. Suppose f = 10*h - 11*h + 8. Suppose h*x - 651 = x. What is the remainder when x is divided by 32?
29
Let a(j) = j**3 - 3*j + 2. Let d = -971 + 1069. Suppose -1226*u = -1233*u + d. Calculate the remainder when a(4) is divided by u.
12
Let l = 598 - 403. Calculate the remainder when l is divided by 34.
25
Let p(f) = f**2 - 65*f + 442. Calculate the remainder when p(59) is divided by 8.
0
Let j = -1360 + 1380. Suppose 0 = -4*w - 0*n - n + 856, 4*n = -w + 214. Let d = w - 117. Calculate the remainder when d is divided by j.
17
Let d = -86 + 166. Calculate the remainder when 323 is divided by d.
3
Suppose 3*q = 9*q + 234. Let x = q - -91. Suppose 2*y = 3*y - x. What is the remainder when y is divided by 18?
16
Let o(w) = w**3 + 7*w**2 + 2*w + 17. Let d be o(-7). Suppose -d = -21*j - 3. Suppose 4*x - 11 - 5 = j. What is the remainder when 29 is divided by x?
1
Suppose 3*m + 13*v - 18*v - 2830 = 0, -3*m - 2*v + 2795 = 0. What is the remainder when m is divided by 10?
5
Let d = 38 - 35. Suppose 3*v = o - 10, 2*v + d*v = 4*o - 12. Calculate the remainder when 54 is divided by (o/(-4))/(-3 - (-345)/114).
16
Let k(w) = w**2 - 7. Let d be k(-3). Calculate the remainder when d/(-7) + 3284/28 is divided by 15.
12
Let z = -64 - -66. Suppose 2*x - 86 = -o - z*o, 5*o + x = 134. Calculate the remainder when 2*36/15*40/6 is divided by o.
6
Let n(y) = 693*y**3 - 3*y**2 + 79*y - 248. What is the remainder when n(3) is divided by 9?
7
Let j(v) = v**2 + 31*v - 159. Suppose n + 0*n + 19 = p, -26 = -2*p - 2*n. Calculate the remainder when j(-37) is divided by p.
15
What is the remainder when 416 is divided by (1/3*-122)/(476/(-714))?
50
Suppose 2*c = -4*i + 3*i + 20, 0 = 3*i - 12. Let o be (2 + -17)/5*-27. Suppose 7*k - o = 4*k. Calculate the remainder when k is divided by c.
3
Let i(t) be the third derivative of t**5/30 + 9*t**4/8 + 131*t**3/6 - 237*t**2. Calculate the remainder when i(-4) is divided by 16.
7
Let b be 106 + (3 - 1) - (3 - 6). Let t = b + -66. Calculate the remainder when (5725/t - 5) + 2/(-9) is divided by 14.
10
Suppose 46*t - 5152 = -138*t. Calculate the remainder when 2519 is divided by t.
27
Suppose -368*h + 358*h + 7790 = 0. What is the remainder when h is divided by 87?
83
Suppose -5*l + 4*w + 13 = -24, 0 = -2*l - 3*w + 1. Suppose z - l*z + 100 = 0. Calculate the remainder when (345/10)/((-3)/(-4)) is divided by z.
21
Let o(f) = -f**3 + 14*f**2 + 48*f - 72. Calculate the remainder when o(16) is divided by 62.
60
Let z be -4 - (-294)/(-35)*(-30)/4. Let o = 16 + z. Suppose 11*a = -4*a + o. Calculate the remainder when 28 is divided by a.
3
Let h(r) = 6*r**2 + 5*r - 4. Let o be h(6). Let x = 330 - o. What is the remainder when 525 is divided by x?
85
Suppose -71 + 9 = -q - 5*m, q + 4*m = 67. Let p = -1 + 4. Suppose 2*j - 115 = -p*j. Calculate the remainder when q is divided by j.
18
Let p = 1393 - 1408. Let f(v) = -v + 27. Let k be f(0). Let l = k + p. What is the remainder when 20 is divided by l?
8
Suppose 25*j + 1204 = 21*j. Let u = j - -355. What is the remainder when 105 is divided by u?
51
Let i = 142 - -131. Let q = i - 181. Suppose q - 302 = -6*g. Calculate the remainder when g is divided by 6.
5
Let y(k) = 8*k + 148. Let q be y(20). Suppose -9*v + q = -2*v. What is the remainder when v is divided by 25?
19
Calculate the remainder when (-444 + 3)/(-7) - -7 is divided by 10/(-3)*(2 - 128/10).
34
Suppose d + d = 216. Let m(b) = b**2 - 16*b + 28. Let h = -138 + 154. Calculate the remainder when d is divided by m(h).
24
Suppose 28 = 3*z - 53. What is the remainder when z is divided by 66/7 + (-23)/(-28) + (-167)/668?
7
What is the remainder when 580 is divided by (-2238)/(-8) + (-264)/(-1056)?
20
Suppose 0*j - 4 = j - 5*k, 100 = -4*j - k. Let l = -16 - j. Suppose 0 = -12*q + 618 - 246. Calculate the remainder when q is divided by l.
7
Suppose -17*y = -21*y + p + 1844, -4*y + 2*p = -1848. Let f = -453 + y. What is the remainder when 130 is divided by f?
4
Suppose 0 = -u - 4*l - 3*l + 45, 0 = 2*u + 4*l - 110. What is the remainder when u is divided by (-3 - -2 - -3) + 14?
11
Let g(t) = 25*t - 58. Let d(h) = 26*h - 58. Let n(x) = -6*d(x) + 7*g(x). Calculate the remainder when 286 is divided by n(4).
16
Let d(i) = -42*i**2 + 304*i + 25. What is the remainder when 2079 is divided by d(7)?
84
Suppose -2*n - 16 = -n - 3*m, -m = -n - 6. Suppose 0 = -x - 0*k + 3*k + 54, 2*k = 2*x - 100. What is the remainder when 4096/x - n/(-3) is divided by 23?
16
Let i = -426 + 429. Suppose -18 = -5*v - 5*s + 27, v + 5*s + i = 0. Calculate the remainder when 45 is divided by v.
9
Suppose -9*d + 6*d + 6 = 0. Suppose 0 = -5*t + 5*y + 15 + 50, 0 = -d*t + 5*y + 38. What is the remainder when 28 is divided by t?
1
Suppose -5*y = -32 - 38. Suppose -4*v = -y + 62. Calculate the remainder when ((-18)/v)/(9/348) is divided by 15.
13
Let m = -262 - -187. Let v be 136/85*m/(-2). What is the remainder when 1*-5*v/(-10) is divided by 9?
3
Let x(l) = -10*l - 31. Let a be x(-4). Suppose 384 = -5*s + a*s. What is the remainder when s is divided by 33?
30
Suppose 123*v - 776 = 25*v - 96*v. Calculate the remainder when 470 is divided by v.
2
Suppose -146*g - 888 = -170*g. Let a(i) = -i**3 - 4*i**2 - 2*i + 7. Let y be a(-3). What is the remainder when g is divided by (-51)/34*y*-4?
13
Let x(f) = -34*f**3 - 24*f**2 - 22*f + 2. What is the remainder when 81 is divided by x(-1)?
13
Let p = 76 + 40. Suppose 111*v = p*v - 100. Calculate the remainder when 194 is divided by v.
14
Let h(m) = -m**3 + 6*m**2 + 3*m - 10. Suppose 17784 = 54*i - 15*i + 39*i. What is the remainder when i is divided by h(3)?
20
Suppose -5*s + 3*j + 47 = 0, -4*s + 2*j + 2*j + 36 = 0. Suppose -2*m + 5*c = -140 - 5, -5*c = m + 10. Calculate the remainder when m is divided by s.
5
Suppose -4*l = -24, -4*c + 680 = -3*l - 126. Calculate the remainder when c is divided by 22.
8
Let q be 20*(-3 + -1 + 45/(-6)). Let h = -138 - q. What is the remainder when h is divided by 31?
30
Let z(d) = -d**2 - 11*d - 9. Let u be z(-5). Let n = u + -8. Calculate the remainder when n is divided by ((-51)/153)/((4/(-21))/4).
6
Suppose 5*f + 9*m - 45 = 4*m, -34 = -4*f - 3*m. Calculate the remainder when 77 is divided by (44/7)/(f/49).
33
Let u(l) = -1248*l - 7599. What is the remainder when u(-10) is divided by 33?
30
Let l = -6761 - -7038. Calculate the remainder when 1663 is divided by l.
1
Let n = -90 + 111. Calculate the remainder when (-7)/n - (-176)/6 - 2 is divided by 13.
1
Suppose 145*a - 30 = 143*a. Suppose -75 - a = -5*w + 5*q, q = -3. What is the remainder when 84 is divided by w?
9
Suppose 0 = -13*s - 5*s + 72. Suppose -5*n - s*t = -175, 0*t + 82 = 2*n + 4*t. What is the remainder when 56 is divided by n?
25
Suppose -48*h - 24 = -50*h - 2*o, 2*h - 38 = 5*o. Let i = 30 - 23. Calculate the remainder when h is divided by i.
0
Suppose 8*y + 7511 = 7823. Calculate the remainder when 289 is divided by y.
16
Suppose 18*z - 1772 = -190 + 1730. What is the remainder when 522 is divided by z?
154
Let m be (1 + 0)/(((-77)/273)/11). Let q = m + 87. What is the remainder when 173 is divided by q?
29
Let m(z) be the first derivative of -z**2 - 15*z - 2. Let l = 35 - 49. Calculate the remainder when 46 is divided by m(l).
7
Let v = 6875 - 6658. Calculate the remainder when v is divided by 151.
66
Suppose 0 = -2*k + 4, -4*k + 38 = 3*f - f. Let i be 20 + ((-5)/(f/12) - 0). Let s = 21 - i. What is the remainder when 32 is divided by s?
2
Calculate the remainder when 314 is divided by (2 + 14)/(108/216).
2